Last updated on 2022-08-15 08:49:58 CEST.
Flavor | Version | Tinstall | Tcheck | Ttotal | Status | Flags |
---|---|---|---|---|---|---|
r-devel-linux-x86_64-debian-clang | 1.0-10 | 5.32 | 60.07 | 65.39 | OK | |
r-devel-linux-x86_64-debian-gcc | 1.0-10 | 3.34 | 45.49 | 48.83 | OK | |
r-devel-linux-x86_64-fedora-clang | 1.0-10 | 90.86 | NOTE | |||
r-devel-linux-x86_64-fedora-gcc | 1.0-10 | 86.38 | OK | |||
r-devel-windows-x86_64 | 1.0-10 | 24.00 | 85.00 | 109.00 | OK | |
r-patched-linux-x86_64 | 1.0-10 | 5.46 | 58.29 | 63.75 | OK | |
r-release-linux-x86_64 | 1.0-10 | 5.74 | 57.38 | 63.12 | OK | |
r-release-macos-arm64 | 1.0-10 | 29.00 | OK | |||
r-release-macos-x86_64 | 1.0-10 | 37.00 | OK | |||
r-release-windows-x86_64 | 1.0-10 | 18.00 | 80.00 | 98.00 | OK | |
r-oldrel-macos-arm64 | 1.0-10 | 28.00 | OK | |||
r-oldrel-macos-x86_64 | 1.0-10 | 34.00 | OK | |||
r-oldrel-windows-ix86+x86_64 | 1.0-10 | 10.00 | 81.00 | 91.00 | OK |
Version: 1.0-10
Check: Rd cross-references
Result: NOTE
Undeclared package ‘rgl’ in Rd xrefs
Flavor: r-devel-linux-x86_64-fedora-clang