Last updated on 2022-08-15 08:49:58 CEST.
Flavor | Version | Tinstall | Tcheck | Ttotal | Status | Flags |
---|---|---|---|---|---|---|
r-devel-linux-x86_64-debian-clang | 0.1.0 | 4.50 | 40.08 | 44.58 | OK | |
r-devel-linux-x86_64-debian-gcc | 0.1.0 | 2.39 | 30.68 | 33.07 | OK | |
r-devel-linux-x86_64-fedora-clang | 0.1.0 | 66.29 | NOTE | |||
r-devel-linux-x86_64-fedora-gcc | 0.1.0 | 62.15 | NOTE | |||
r-devel-windows-x86_64 | 0.1.0 | 13.00 | 73.00 | 86.00 | OK | |
r-patched-linux-x86_64 | 0.1.0 | 4.33 | 38.46 | 42.79 | OK | |
r-release-linux-x86_64 | 0.1.0 | 3.34 | 38.22 | 41.56 | OK | |
r-release-macos-arm64 | 0.1.0 | 21.00 | NOTE | |||
r-release-macos-x86_64 | 0.1.0 | 30.00 | NOTE | |||
r-release-windows-x86_64 | 0.1.0 | 14.00 | 64.00 | 78.00 | OK | |
r-oldrel-macos-arm64 | 0.1.0 | 29.00 | NOTE | |||
r-oldrel-macos-x86_64 | 0.1.0 | 28.00 | NOTE | |||
r-oldrel-windows-ix86+x86_64 | 0.1.0 | 18.00 | 59.00 | 77.00 | OK |
Version: 0.1.0
Check: data for non-ASCII characters
Result: NOTE
Note: found 124 marked UTF-8 strings
Flavors: r-devel-linux-x86_64-fedora-clang, r-devel-linux-x86_64-fedora-gcc, r-release-macos-arm64, r-release-macos-x86_64, r-oldrel-macos-arm64, r-oldrel-macos-x86_64