Last updated on 2022-08-15 08:49:58 CEST.
Flavor | Version | Tinstall | Tcheck | Ttotal | Status | Flags |
---|---|---|---|---|---|---|
r-devel-linux-x86_64-debian-clang | 0.8.1 | 436.99 | 145.39 | 582.38 | OK | |
r-devel-linux-x86_64-debian-gcc | 0.8.1 | 409.40 | 126.02 | 535.42 | OK | |
r-devel-linux-x86_64-fedora-clang | 0.8.1 | 732.26 | NOTE | |||
r-devel-linux-x86_64-fedora-gcc | 0.8.1 | 905.50 | NOTE | |||
r-devel-windows-x86_64 | 0.8.1 | 866.00 | 269.00 | 1135.00 | OK | |
r-patched-linux-x86_64 | 0.8.1 | 327.85 | 164.67 | 492.52 | OK | |
r-release-linux-x86_64 | 0.8.1 | 333.67 | 162.39 | 496.06 | OK | |
r-release-macos-arm64 | 0.8.1 | 203.00 | NOTE | |||
r-release-macos-x86_64 | 0.8.1 | 410.00 | NOTE | |||
r-release-windows-x86_64 | 0.8.1 | 317.00 | 279.00 | 596.00 | OK | |
r-oldrel-macos-arm64 | 0.8.1 | 189.00 | NOTE | |||
r-oldrel-macos-x86_64 | 0.8.1 | 248.00 | NOTE | |||
r-oldrel-windows-ix86+x86_64 | 0.8.1 | 1012.00 | 427.00 | 1439.00 | NOTE |
Version: 0.8.1
Check: dependencies in R code
Result: NOTE
Namespace in Imports field not imported from: ‘RcppParallel’
All declared Imports should be used.
Flavors: r-devel-linux-x86_64-fedora-clang, r-devel-linux-x86_64-fedora-gcc, r-release-macos-arm64, r-release-macos-x86_64, r-oldrel-macos-arm64, r-oldrel-macos-x86_64
Version: 0.8.1
Check: for GNU extensions in Makefiles
Result: NOTE
GNU make is a SystemRequirements.
Flavors: r-devel-linux-x86_64-fedora-clang, r-devel-linux-x86_64-fedora-gcc, r-release-macos-arm64, r-release-macos-x86_64, r-oldrel-macos-arm64, r-oldrel-macos-x86_64
Version: 0.8.1
Check: installed package size
Result: NOTE
installed size is 60.9Mb
sub-directories of 1Mb or more:
libs 60.3Mb
Flavors: r-release-macos-arm64, r-release-macos-x86_64, r-oldrel-macos-arm64, r-oldrel-macos-x86_64, r-oldrel-windows-ix86+x86_64