Last updated on 2022-08-15 08:49:58 CEST.
Flavor | Version | Tinstall | Tcheck | Ttotal | Status | Flags |
---|---|---|---|---|---|---|
r-devel-linux-x86_64-debian-clang | 0.1.4 | 38.94 | 27.18 | 66.12 | NOTE | |
r-devel-linux-x86_64-debian-gcc | 0.1.4 | 35.84 | 21.43 | 57.27 | NOTE | |
r-devel-linux-x86_64-fedora-clang | 0.1.4 | 101.49 | NOTE | |||
r-devel-linux-x86_64-fedora-gcc | 0.1.4 | 96.69 | NOTE | |||
r-devel-windows-x86_64 | 0.1.4 | 48.00 | 66.00 | 114.00 | NOTE | |
r-patched-linux-x86_64 | 0.1.4 | 33.67 | 27.39 | 61.06 | NOTE | |
r-release-linux-x86_64 | 0.1.4 | 32.68 | 27.02 | 59.70 | NOTE | |
r-release-macos-arm64 | 0.1.4 | 44.00 | NOTE | |||
r-release-macos-x86_64 | 0.1.4 | 41.00 | NOTE | |||
r-release-windows-x86_64 | 0.1.4 | 48.00 | 72.00 | 120.00 | NOTE | |
r-oldrel-macos-arm64 | 0.1.4 | 45.00 | NOTE | |||
r-oldrel-macos-x86_64 | 0.1.4 | 75.00 | NOTE | |||
r-oldrel-windows-ix86+x86_64 | 0.1.4 | 100.00 | 108.00 | 208.00 | NOTE |
Version: 0.1.4
Check: LazyData
Result: NOTE
'LazyData' is specified without a 'data' directory
Flavors: r-devel-linux-x86_64-debian-clang, r-devel-linux-x86_64-debian-gcc, r-devel-linux-x86_64-fedora-clang, r-devel-linux-x86_64-fedora-gcc, r-devel-windows-x86_64, r-patched-linux-x86_64, r-release-linux-x86_64, r-release-macos-arm64, r-release-macos-x86_64, r-release-windows-x86_64, r-oldrel-macos-arm64, r-oldrel-macos-x86_64, r-oldrel-windows-ix86+x86_64
Version: 0.1.4
Check: compiled code
Result: NOTE
File ‘htdp/libs/htdp.so’:
Found no calls to: ‘R_registerRoutines’, ‘R_useDynamicSymbols’
It is good practice to register native routines and to disable symbol
search.
See ‘Writing portable packages’ in the ‘Writing R Extensions’ manual.
Flavors: r-devel-linux-x86_64-fedora-clang, r-devel-linux-x86_64-fedora-gcc
Version: 0.1.4
Check: installed package size
Result: NOTE
installed size is 6.0Mb
sub-directories of 1Mb or more:
libs 6.0Mb
Flavor: r-oldrel-windows-ix86+x86_64