Last updated on 2022-08-15 08:49:58 CEST.
Flavor | Version | Tinstall | Tcheck | Ttotal | Status | Flags |
---|---|---|---|---|---|---|
r-devel-linux-x86_64-debian-clang | 1.3.0 | 201.44 | 46.58 | 248.02 | OK | |
r-devel-linux-x86_64-debian-gcc | 1.3.0 | 181.31 | 36.03 | 217.34 | OK | |
r-devel-linux-x86_64-fedora-clang | 1.3.0 | 337.15 | OK | |||
r-devel-linux-x86_64-fedora-gcc | 1.3.0 | 371.17 | OK | |||
r-devel-windows-x86_64 | 1.3.0 | 250.00 | 170.00 | 420.00 | NOTE | |
r-patched-linux-x86_64 | 1.3.0 | 197.98 | 44.90 | 242.88 | OK | |
r-release-linux-x86_64 | 1.3.0 | 205.32 | 44.22 | 249.54 | OK | |
r-release-macos-arm64 | 1.3.0 | 102.00 | NOTE | |||
r-release-macos-x86_64 | 1.3.0 | 126.00 | NOTE | |||
r-release-windows-x86_64 | 1.3.0 | 248.00 | 150.00 | 398.00 | NOTE | |
r-oldrel-macos-arm64 | 1.3.0 | 97.00 | NOTE | |||
r-oldrel-macos-x86_64 | 1.3.0 | 123.00 | NOTE | |||
r-oldrel-windows-ix86+x86_64 | 1.3.0 | 495.00 | 136.00 | 631.00 | NOTE |
Version: 1.3.0
Check: installed package size
Result: NOTE
installed size is 8.2Mb
sub-directories of 1Mb or more:
libs 7.6Mb
Flavors: r-devel-windows-x86_64, r-release-macos-arm64, r-release-macos-x86_64, r-release-windows-x86_64, r-oldrel-macos-arm64, r-oldrel-macos-x86_64, r-oldrel-windows-ix86+x86_64