Last updated on 2022-08-15 08:49:58 CEST.
Flavor | Version | Tinstall | Tcheck | Ttotal | Status | Flags |
---|---|---|---|---|---|---|
r-devel-linux-x86_64-debian-clang | 2.1.8 | 262.72 | 32.02 | 294.74 | NOTE | |
r-devel-linux-x86_64-debian-gcc | 2.1.8 | 73.62 | 24.91 | 98.53 | NOTE | |
r-devel-linux-x86_64-fedora-clang | 2.1.8 | 165.65 | NOTE | |||
r-devel-linux-x86_64-fedora-gcc | 2.1.8 | 169.44 | NOTE | |||
r-devel-windows-x86_64 | 2.1.8 | 71.00 | 88.00 | 159.00 | NOTE | |
r-patched-linux-x86_64 | 2.1.8 | 72.79 | 30.91 | 103.70 | NOTE | |
r-release-linux-x86_64 | 2.1.8 | 69.94 | 31.09 | 101.03 | NOTE | |
r-release-macos-arm64 | 2.1.8 | 45.00 | NOTE | |||
r-release-macos-x86_64 | 2.1.8 | 62.00 | NOTE | |||
r-release-windows-x86_64 | 2.1.8 | 78.00 | 90.00 | 168.00 | NOTE | |
r-oldrel-macos-arm64 | 2.1.8 | 68.00 | NOTE | |||
r-oldrel-macos-x86_64 | 2.1.8 | 127.00 | NOTE | |||
r-oldrel-windows-ix86+x86_64 | 2.1.8 | 250.00 | 88.00 | 338.00 | NOTE |
Version: 2.1.8
Check: LazyData
Result: NOTE
'LazyData' is specified without a 'data' directory
Flavors: r-devel-linux-x86_64-debian-clang, r-devel-linux-x86_64-debian-gcc, r-devel-linux-x86_64-fedora-clang, r-devel-linux-x86_64-fedora-gcc, r-devel-windows-x86_64, r-patched-linux-x86_64, r-release-linux-x86_64, r-release-macos-arm64, r-release-macos-x86_64, r-release-windows-x86_64, r-oldrel-macos-arm64, r-oldrel-macos-x86_64, r-oldrel-windows-ix86+x86_64
Version: 2.1.8
Check: installed package size
Result: NOTE
installed size is 7.9Mb
sub-directories of 1Mb or more:
libs 7.8Mb
Flavors: r-release-macos-arm64, r-release-macos-x86_64, r-oldrel-macos-arm64, r-oldrel-macos-x86_64