Last updated on 2022-08-15 08:49:58 CEST.
Flavor | Version | Tinstall | Tcheck | Ttotal | Status | Flags |
---|---|---|---|---|---|---|
r-devel-linux-x86_64-debian-clang | 0.1.0 | 2.92 | 30.69 | 33.61 | NOTE | |
r-devel-linux-x86_64-debian-gcc | 0.1.0 | 2.58 | 24.07 | 26.65 | NOTE | |
r-devel-linux-x86_64-fedora-clang | 0.1.0 | 52.50 | NOTE | |||
r-devel-linux-x86_64-fedora-gcc | 0.1.0 | 50.80 | NOTE | |||
r-devel-windows-x86_64 | 0.1.0 | 13.00 | 59.00 | 72.00 | NOTE | |
r-patched-linux-x86_64 | 0.1.0 | 2.79 | 29.63 | 32.42 | NOTE | |
r-release-linux-x86_64 | 0.1.0 | 2.62 | 30.22 | 32.84 | NOTE | |
r-release-macos-arm64 | 0.1.0 | 17.00 | NOTE | |||
r-release-macos-x86_64 | 0.1.0 | 30.00 | NOTE | |||
r-release-windows-x86_64 | 0.1.0 | 19.00 | 60.00 | 79.00 | NOTE | |
r-oldrel-macos-arm64 | 0.1.0 | 122.00 | NOTE | |||
r-oldrel-macos-x86_64 | 0.1.0 | 28.00 | NOTE | |||
r-oldrel-windows-ix86+x86_64 | 0.1.0 | 9.00 | 52.00 | 61.00 | NOTE |
Version: 0.1.0
Check: LazyData
Result: NOTE
'LazyData' is specified without a 'data' directory
Flavors: r-devel-linux-x86_64-debian-clang, r-devel-linux-x86_64-debian-gcc, r-devel-linux-x86_64-fedora-clang, r-devel-linux-x86_64-fedora-gcc, r-devel-windows-x86_64, r-patched-linux-x86_64, r-release-linux-x86_64, r-release-macos-arm64, r-release-macos-x86_64, r-release-windows-x86_64, r-oldrel-macos-arm64, r-oldrel-macos-x86_64, r-oldrel-windows-ix86+x86_64
Version: 0.1.0
Check: dependencies in R code
Result: NOTE
Namespaces in Imports field not imported from:
‘colourpicker’ ‘shiny’ ‘wordcloud2’
All declared Imports should be used.
Flavors: r-devel-linux-x86_64-fedora-clang, r-devel-linux-x86_64-fedora-gcc, r-release-macos-arm64, r-release-macos-x86_64, r-oldrel-macos-arm64, r-oldrel-macos-x86_64