Last updated on 2022-08-15 08:49:58 CEST.
Flavor | Version | Tinstall | Tcheck | Ttotal | Status | Flags |
---|---|---|---|---|---|---|
r-devel-linux-x86_64-debian-clang | 1.7.8 | 13.10 | 112.60 | 125.70 | OK | |
r-devel-linux-x86_64-debian-gcc | 1.7.8 | 11.42 | 86.44 | 97.86 | OK | |
r-devel-linux-x86_64-fedora-clang | 1.7.8 | 167.02 | NOTE | |||
r-devel-linux-x86_64-fedora-gcc | 1.7.8 | 161.82 | OK | |||
r-devel-windows-x86_64 | 1.7.8 | 40.00 | 127.00 | 167.00 | OK | |
r-patched-linux-x86_64 | 1.7.8 | 14.33 | 107.01 | 121.34 | OK | |
r-release-linux-x86_64 | 1.7.8 | 13.57 | 109.43 | 123.00 | OK | |
r-release-macos-arm64 | 1.7.8 | 44.00 | OK | |||
r-release-macos-x86_64 | 1.7.8 | 65.00 | OK | |||
r-release-windows-x86_64 | 1.7.8 | 36.00 | 131.00 | 167.00 | OK | |
r-oldrel-macos-arm64 | 1.7.8 | 40.00 | OK | |||
r-oldrel-macos-x86_64 | 1.7.8 | 62.00 | OK | |||
r-oldrel-windows-ix86+x86_64 | 1.7.8 | 32.00 | 133.00 | 165.00 | OK |
Version: 1.7.8
Check: package dependencies
Result: NOTE
Imports includes 23 non-default packages.
Importing from so many packages makes the package vulnerable to any of
them becoming unavailable. Move as many as possible to Suggests and
use conditionally.
Flavor: r-devel-linux-x86_64-fedora-clang