Last updated on 2022-08-15 08:49:58 CEST.
Flavor | Version | Tinstall | Tcheck | Ttotal | Status | Flags |
---|---|---|---|---|---|---|
r-devel-linux-x86_64-debian-clang | 0.8.3 | 3.63 | 56.33 | 59.96 | OK | |
r-devel-linux-x86_64-debian-gcc | 0.8.3 | 2.37 | 41.42 | 43.79 | OK | |
r-devel-linux-x86_64-fedora-clang | 0.8.3 | 82.25 | NOTE | |||
r-devel-linux-x86_64-fedora-gcc | 0.8.3 | 80.30 | NOTE | |||
r-devel-windows-x86_64 | 0.8.3 | 28.00 | 85.00 | 113.00 | OK | |
r-patched-linux-x86_64 | 0.8.3 | 3.75 | 51.72 | 55.47 | OK | |
r-release-linux-x86_64 | 0.8.3 | 3.16 | 51.97 | 55.13 | OK | |
r-release-macos-arm64 | 0.8.3 | 26.00 | NOTE | |||
r-release-macos-x86_64 | 0.8.3 | 35.00 | OK | |||
r-release-windows-x86_64 | 0.8.3 | 26.00 | 83.00 | 109.00 | OK | |
r-oldrel-macos-arm64 | 0.8.3 | 30.00 | OK | |||
r-oldrel-macos-x86_64 | 0.8.3 | 60.00 | OK | |||
r-oldrel-windows-ix86+x86_64 | 0.8.3 | 7.00 | 81.00 | 88.00 | OK |
Version: 0.8.3
Check: package dependencies
Result: NOTE
Package suggested but not available for checking: ‘flowCore’
Flavors: r-devel-linux-x86_64-fedora-clang, r-devel-linux-x86_64-fedora-gcc, r-release-macos-arm64