Last updated on 2022-08-15 08:49:58 CEST.
Flavor | Version | Tinstall | Tcheck | Ttotal | Status | Flags |
---|---|---|---|---|---|---|
r-devel-linux-x86_64-debian-clang | 0.0.2 | 3.92 | 43.09 | 47.01 | OK | |
r-devel-linux-x86_64-debian-gcc | 0.0.2 | 2.93 | 33.69 | 36.62 | OK | |
r-devel-linux-x86_64-fedora-clang | 0.0.2 | 67.88 | NOTE | |||
r-devel-linux-x86_64-fedora-gcc | 0.0.2 | 65.54 | NOTE | |||
r-devel-windows-x86_64 | 0.0.2 | 17.00 | 71.00 | 88.00 | OK | |
r-patched-linux-x86_64 | 0.0.2 | 4.14 | 42.81 | 46.95 | OK | |
r-release-linux-x86_64 | 0.0.2 | 3.93 | 41.46 | 45.39 | OK | |
r-release-macos-arm64 | 0.0.2 | 24.00 | NOTE | |||
r-release-macos-x86_64 | 0.0.2 | 34.00 | NOTE | |||
r-release-windows-x86_64 | 0.0.2 | 27.00 | 76.00 | 103.00 | OK | |
r-oldrel-macos-arm64 | 0.0.2 | 26.00 | NOTE | |||
r-oldrel-macos-x86_64 | 0.0.2 | 44.00 | NOTE | |||
r-oldrel-windows-ix86+x86_64 | 0.0.2 | 9.00 | 64.00 | 73.00 | OK |
Version: 0.0.2
Check: data for non-ASCII characters
Result: NOTE
Note: found 26215 marked UTF-8 strings
Flavors: r-devel-linux-x86_64-fedora-clang, r-devel-linux-x86_64-fedora-gcc, r-release-macos-arm64, r-release-macos-x86_64, r-oldrel-macos-arm64, r-oldrel-macos-x86_64