Last updated on 2022-08-15 08:49:58 CEST.
Flavor | Version | Tinstall | Tcheck | Ttotal | Status | Flags |
---|---|---|---|---|---|---|
r-devel-linux-x86_64-debian-clang | 1.6.5 | 44.29 | 200.67 | 244.96 | OK | |
r-devel-linux-x86_64-debian-gcc | 1.6.5 | 36.03 | 149.85 | 185.88 | OK | |
r-devel-linux-x86_64-fedora-clang | 1.6.5 | 314.99 | NOTE | |||
r-devel-linux-x86_64-fedora-gcc | 1.6.5 | 292.81 | OK | |||
r-devel-windows-x86_64 | 1.6.5 | 70.00 | 218.00 | 288.00 | OK | |
r-patched-linux-x86_64 | 1.6.5 | 47.75 | 188.07 | 235.82 | OK | |
r-release-linux-x86_64 | 1.6.5 | 36.07 | 185.99 | 222.06 | OK | |
r-release-macos-arm64 | 1.6.5 | 73.00 | OK | |||
r-release-macos-x86_64 | 1.6.5 | 130.00 | OK | |||
r-release-windows-x86_64 | 1.6.5 | 54.00 | 228.00 | 282.00 | OK | |
r-oldrel-macos-arm64 | 1.6.5 | 82.00 | OK | |||
r-oldrel-macos-x86_64 | 1.6.5 | 103.00 | OK | |||
r-oldrel-windows-ix86+x86_64 | 1.6.5 | 102.00 | 278.00 | 380.00 | OK |
Version: 1.6.5
Check: package dependencies
Result: NOTE
Imports includes 26 non-default packages.
Importing from so many packages makes the package vulnerable to any of
them becoming unavailable. Move as many as possible to Suggests and
use conditionally.
Flavor: r-devel-linux-x86_64-fedora-clang