Last updated on 2022-08-15 08:49:59 CEST.
Flavor | Version | Tinstall | Tcheck | Ttotal | Status | Flags |
---|---|---|---|---|---|---|
r-devel-linux-x86_64-debian-clang | 1.5 | 10.62 | 73.39 | 84.01 | OK | |
r-devel-linux-x86_64-debian-gcc | 1.5 | 7.56 | 54.82 | 62.38 | OK | |
r-devel-linux-x86_64-fedora-clang | 1.5 | 113.84 | NOTE | |||
r-devel-linux-x86_64-fedora-gcc | 1.5 | 106.18 | OK | |||
r-devel-windows-x86_64 | 1.5 | 24.00 | 94.00 | 118.00 | NOTE | |
r-patched-linux-x86_64 | 1.5 | 7.76 | 68.95 | 76.71 | OK | |
r-release-linux-x86_64 | 1.5 | 8.99 | 68.79 | 77.78 | OK | |
r-release-macos-arm64 | 1.5 | 31.00 | NOTE | |||
r-release-macos-x86_64 | 1.5 | 54.00 | NOTE | |||
r-release-windows-x86_64 | 1.5 | 24.00 | 99.00 | 123.00 | NOTE | |
r-oldrel-macos-arm64 | 1.5 | 33.00 | NOTE | |||
r-oldrel-macos-x86_64 | 1.5 | 58.00 | NOTE | |||
r-oldrel-windows-ix86+x86_64 | 1.5 | 25.00 | 95.00 | 120.00 | NOTE |
Version: 1.5
Check: installed package size
Result: NOTE
installed size is 5.9Mb
sub-directories of 1Mb or more:
app 4.3Mb
data 1.6Mb
Flavors: r-devel-linux-x86_64-fedora-clang, r-devel-windows-x86_64, r-release-macos-arm64, r-release-macos-x86_64, r-release-windows-x86_64, r-oldrel-macos-arm64, r-oldrel-macos-x86_64, r-oldrel-windows-ix86+x86_64