Last updated on 2022-08-15 08:49:58 CEST.
Flavor | Version | Tinstall | Tcheck | Ttotal | Status | Flags |
---|---|---|---|---|---|---|
r-devel-linux-x86_64-debian-clang | 0.0.2 | 2.87 | 31.27 | 34.14 | OK | |
r-devel-linux-x86_64-debian-gcc | 0.0.2 | 2.26 | 24.86 | 27.12 | OK | |
r-devel-linux-x86_64-fedora-clang | 0.0.2 | 54.65 | NOTE | |||
r-devel-linux-x86_64-fedora-gcc | 0.0.2 | 52.80 | NOTE | |||
r-devel-windows-x86_64 | 0.0.2 | 14.00 | 57.00 | 71.00 | OK | |
r-patched-linux-x86_64 | 0.0.2 | 3.21 | 31.54 | 34.75 | OK | |
r-release-linux-x86_64 | 0.0.2 | 3.13 | 32.15 | 35.28 | OK | |
r-release-macos-arm64 | 0.0.2 | 19.00 | NOTE | |||
r-release-macos-x86_64 | 0.0.2 | 30.00 | NOTE | |||
r-release-windows-x86_64 | 0.0.2 | 15.00 | 67.00 | 82.00 | OK | |
r-oldrel-macos-arm64 | 0.0.2 | 23.00 | NOTE | |||
r-oldrel-macos-x86_64 | 0.0.2 | 26.00 | NOTE | |||
r-oldrel-windows-ix86+x86_64 | 0.0.2 | 8.00 | 53.00 | 61.00 | OK |
Version: 0.0.2
Check: data for non-ASCII characters
Result: NOTE
Note: found 359 marked UTF-8 strings
Flavors: r-devel-linux-x86_64-fedora-clang, r-devel-linux-x86_64-fedora-gcc, r-release-macos-arm64, r-release-macos-x86_64, r-oldrel-macos-arm64, r-oldrel-macos-x86_64