Last updated on 2022-08-15 08:49:58 CEST.
Flavor | Version | Tinstall | Tcheck | Ttotal | Status | Flags |
---|---|---|---|---|---|---|
r-devel-linux-x86_64-debian-clang | 0.1.0 | 8.83 | 30.10 | 38.93 | OK | |
r-devel-linux-x86_64-debian-gcc | 0.1.0 | 9.06 | 23.19 | 32.25 | OK | |
r-devel-linux-x86_64-fedora-clang | 0.1.0 | 63.56 | NOTE | |||
r-devel-linux-x86_64-fedora-gcc | 0.1.0 | 59.59 | NOTE | |||
r-devel-windows-x86_64 | 0.1.0 | 17.00 | 70.00 | 87.00 | OK | |
r-patched-linux-x86_64 | 0.1.0 | 8.49 | 28.66 | 37.15 | OK | |
r-release-linux-x86_64 | 0.1.0 | 8.67 | 29.57 | 38.24 | OK | |
r-release-macos-arm64 | 0.1.0 | 21.00 | OK | |||
r-release-macos-x86_64 | 0.1.0 | 33.00 | OK | |||
r-release-windows-x86_64 | 0.1.0 | 15.00 | 72.00 | 87.00 | OK | |
r-oldrel-macos-arm64 | 0.1.0 | 23.00 | OK | |||
r-oldrel-macos-x86_64 | 0.1.0 | 52.00 | OK | |||
r-oldrel-windows-ix86+x86_64 | 0.1.0 | 28.00 | 102.00 | 130.00 | OK |
Version: 0.1.0
Check: compiled code
Result: NOTE
File ‘ibm/libs/ibm.so’:
Found no calls to: ‘R_registerRoutines’, ‘R_useDynamicSymbols’
It is good practice to register native routines and to disable symbol
search.
See ‘Writing portable packages’ in the ‘Writing R Extensions’ manual.
Flavors: r-devel-linux-x86_64-fedora-clang, r-devel-linux-x86_64-fedora-gcc