Last updated on 2022-08-15 08:49:58 CEST.
Flavor | Version | Tinstall | Tcheck | Ttotal | Status | Flags |
---|---|---|---|---|---|---|
r-devel-linux-x86_64-debian-clang | 1.50.0 | 22.98 | 163.47 | 186.45 | NOTE | |
r-devel-linux-x86_64-debian-gcc | 1.50.0 | 20.53 | 119.78 | 140.31 | NOTE | |
r-devel-linux-x86_64-fedora-clang | 1.50.0 | 237.81 | NOTE | |||
r-devel-linux-x86_64-fedora-gcc | 1.50.0 | 232.49 | NOTE | |||
r-devel-windows-x86_64 | 1.50.0 | 58.00 | 182.00 | 240.00 | NOTE | |
r-patched-linux-x86_64 | 1.50.0 | 25.83 | 152.06 | 177.89 | NOTE | |
r-release-linux-x86_64 | 1.50.0 | 22.05 | 155.29 | 177.34 | NOTE | |
r-release-macos-arm64 | 1.50.0 | 56.00 | NOTE | |||
r-release-macos-x86_64 | 1.50.0 | 104.00 | NOTE | |||
r-release-windows-x86_64 | 1.50.0 | 59.00 | 188.00 | 247.00 | NOTE | |
r-oldrel-macos-arm64 | 1.50.0 | 92.00 | OK | |||
r-oldrel-macos-x86_64 | 1.50.0 | 88.00 | NOTE | |||
r-oldrel-windows-ix86+x86_64 | 1.50.0 | 47.00 | 183.00 | 230.00 | OK |
Version: 1.50.0
Check: package dependencies
Result: NOTE
Package suggested but not available for checking: 'SparkR'
Flavors: r-devel-linux-x86_64-debian-clang, r-devel-linux-x86_64-debian-gcc, r-devel-linux-x86_64-fedora-clang, r-devel-linux-x86_64-fedora-gcc, r-devel-windows-x86_64, r-patched-linux-x86_64, r-release-linux-x86_64, r-release-macos-arm64, r-release-macos-x86_64, r-release-windows-x86_64, r-oldrel-macos-x86_64