Last updated on 2022-08-15 08:49:58 CEST.
Flavor | Version | Tinstall | Tcheck | Ttotal | Status | Flags |
---|---|---|---|---|---|---|
r-devel-linux-x86_64-debian-clang | 1.3.4 | 231.29 | 256.31 | 487.60 | OK | |
r-devel-linux-x86_64-debian-gcc | 1.3.4 | 203.84 | 245.73 | 449.57 | OK | |
r-devel-linux-x86_64-fedora-clang | 1.3.4 | 722.46 | NOTE | |||
r-devel-linux-x86_64-fedora-gcc | 1.3.4 | 686.98 | OK | |||
r-devel-windows-x86_64 | 1.3.4 | 689.00 | 442.00 | 1131.00 | NOTE | |
r-patched-linux-x86_64 | 1.3.4 | 221.17 | 226.95 | 448.12 | OK | |
r-release-linux-x86_64 | 1.3.4 | 211.37 | 216.12 | 427.49 | OK | |
r-release-macos-arm64 | 1.3.4 | 197.00 | NOTE | |||
r-release-macos-x86_64 | 1.3.4 | 263.00 | NOTE | |||
r-release-windows-x86_64 | 1.3.4 | 782.00 | 457.00 | 1239.00 | NOTE | |
r-oldrel-macos-arm64 | 1.3.4 | 180.00 | NOTE | |||
r-oldrel-macos-x86_64 | 1.3.4 | 265.00 | NOTE | |||
r-oldrel-windows-ix86+x86_64 | 1.3.4 | 728.00 | 762.00 | 1490.00 | NOTE |
Version: 1.3.4
Check: installed package size
Result: NOTE
installed size is 6.5Mb
sub-directories of 1Mb or more:
R 1.4Mb
help 1.2Mb
libs 3.4Mb
Flavors: r-devel-linux-x86_64-fedora-clang, r-devel-windows-x86_64, r-release-macos-arm64, r-release-macos-x86_64, r-release-windows-x86_64, r-oldrel-macos-arm64, r-oldrel-macos-x86_64, r-oldrel-windows-ix86+x86_64