Last updated on 2022-08-15 08:49:58 CEST.
Flavor | Version | Tinstall | Tcheck | Ttotal | Status | Flags |
---|---|---|---|---|---|---|
r-devel-linux-x86_64-debian-clang | 1.0 | 3.01 | 31.40 | 34.41 | NOTE | |
r-devel-linux-x86_64-debian-gcc | 1.0 | 2.32 | 24.51 | 26.83 | NOTE | |
r-devel-linux-x86_64-fedora-clang | 1.0 | 52.69 | NOTE | |||
r-devel-linux-x86_64-fedora-gcc | 1.0 | 50.61 | NOTE | |||
r-devel-windows-x86_64 | 1.0 | 12.00 | 56.00 | 68.00 | NOTE | |
r-patched-linux-x86_64 | 1.0 | 1.97 | 30.97 | 32.94 | NOTE | |
r-release-linux-x86_64 | 1.0 | 2.99 | 31.00 | 33.99 | NOTE | |
r-release-macos-arm64 | 1.0 | 19.00 | NOTE | |||
r-release-macos-x86_64 | 1.0 | 25.00 | NOTE | |||
r-release-windows-x86_64 | 1.0 | 10.00 | 54.00 | 64.00 | NOTE | |
r-oldrel-macos-arm64 | 1.0 | 26.00 | NOTE | |||
r-oldrel-macos-x86_64 | 1.0 | 30.00 | NOTE | |||
r-oldrel-windows-ix86+x86_64 | 1.0 | 7.00 | 46.00 | 53.00 | NOTE |
Version: 1.0
Check: DESCRIPTION meta-information
Result: NOTE
Malformed Description field: should contain one or more complete sentences.
Flavors: r-devel-linux-x86_64-debian-clang, r-devel-linux-x86_64-debian-gcc, r-devel-linux-x86_64-fedora-clang, r-devel-linux-x86_64-fedora-gcc, r-devel-windows-x86_64, r-patched-linux-x86_64, r-release-linux-x86_64, r-release-macos-arm64, r-release-macos-x86_64, r-release-windows-x86_64, r-oldrel-macos-arm64, r-oldrel-macos-x86_64, r-oldrel-windows-ix86+x86_64