Last updated on 2022-08-15 08:49:58 CEST.
Flavor | Version | Tinstall | Tcheck | Ttotal | Status | Flags |
---|---|---|---|---|---|---|
r-devel-linux-x86_64-debian-clang | 0.1.0 | 18.08 | 28.95 | 47.03 | OK | |
r-devel-linux-x86_64-debian-gcc | 0.1.0 | 14.28 | 22.39 | 36.67 | OK | |
r-devel-linux-x86_64-fedora-clang | 0.1.0 | 77.55 | OK | |||
r-devel-linux-x86_64-fedora-gcc | 0.1.0 | 70.11 | OK | |||
r-devel-windows-x86_64 | 0.1.0 | 30.00 | 77.00 | 107.00 | OK | |
r-patched-linux-x86_64 | 0.1.0 | 14.48 | 27.97 | 42.45 | OK | |
r-release-linux-x86_64 | 0.1.0 | 16.77 | 28.35 | 45.12 | OK | |
r-release-macos-arm64 | 0.1.0 | 22.00 | OK | |||
r-release-macos-x86_64 | 0.1.0 | 30.00 | OK | |||
r-release-windows-x86_64 | 0.1.0 | 31.00 | 88.00 | 119.00 | OK | |
r-oldrel-macos-arm64 | 0.1.0 | 27.00 | OK | |||
r-oldrel-macos-x86_64 | 0.1.0 | 42.00 | OK | |||
r-oldrel-windows-ix86+x86_64 | 0.1.0 | 50.00 | 89.00 | 139.00 | NOTE |
Version: 0.1.0
Check: installed package size
Result: NOTE
installed size is 5.5Mb
sub-directories of 1Mb or more:
extdata 1.7Mb
libs 3.7Mb
Flavor: r-oldrel-windows-ix86+x86_64