Last updated on 2022-08-15 08:49:58 CEST.
Flavor | Version | Tinstall | Tcheck | Ttotal | Status | Flags |
---|---|---|---|---|---|---|
r-devel-linux-x86_64-debian-clang | 1.3.2 | 97.63 | 76.13 | 173.76 | OK | |
r-devel-linux-x86_64-debian-gcc | 1.3.2 | 69.34 | 57.25 | 126.59 | OK | |
r-devel-linux-x86_64-fedora-clang | 1.3.2 | 254.92 | OK | |||
r-devel-linux-x86_64-fedora-gcc | 1.3.2 | 223.08 | OK | |||
r-devel-windows-x86_64 | 1.3.2 | 112.00 | 133.00 | 245.00 | OK | |
r-patched-linux-x86_64 | 1.3.2 | 80.36 | 73.49 | 153.85 | OK | |
r-release-linux-x86_64 | 1.3.2 | 72.66 | 69.45 | 142.11 | OK | |
r-release-macos-arm64 | 1.3.2 | 60.00 | OK | |||
r-release-macos-x86_64 | 1.3.2 | 84.00 | NOTE | |||
r-release-windows-x86_64 | 1.3.2 | 124.00 | 137.00 | 261.00 | OK | |
r-oldrel-macos-arm64 | 1.3.2 | 68.00 | OK | |||
r-oldrel-macos-x86_64 | 1.3.2 | 118.00 | OK | |||
r-oldrel-windows-ix86+x86_64 | 1.3.2 | 227.00 | 171.00 | 398.00 | OK |
Version: 1.3.2
Check: package dependencies
Result: NOTE
Package suggested but not available for checking: ‘tesseract’
Flavor: r-release-macos-x86_64