Last updated on 2022-08-15 08:49:58 CEST.
Flavor | Version | Tinstall | Tcheck | Ttotal | Status | Flags |
---|---|---|---|---|---|---|
r-devel-linux-x86_64-debian-clang | 1.3-3 | 110.31 | 72.18 | 182.49 | NOTE | |
r-devel-linux-x86_64-debian-gcc | 1.3-3 | 86.43 | 61.61 | 148.04 | NOTE | |
r-devel-linux-x86_64-fedora-clang | 1.3-3 | 268.78 | NOTE | |||
r-devel-linux-x86_64-fedora-gcc | 1.3-3 | 263.11 | NOTE | |||
r-devel-windows-x86_64 | 1.3-3 | 105.00 | 125.00 | 230.00 | OK | |
r-patched-linux-x86_64 | 1.3-3 | 88.21 | 67.53 | 155.74 | OK | |
r-release-linux-x86_64 | 1.3-3 | 85.14 | 75.51 | 160.65 | OK | |
r-release-macos-arm64 | 1.3-3 | 72.00 | NOTE | |||
r-release-macos-x86_64 | 1.3-3 | 86.00 | NOTE | |||
r-release-windows-x86_64 | 1.3-3 | 104.00 | 128.00 | 232.00 | OK | |
r-oldrel-macos-arm64 | 1.3-3 | 73.00 | NOTE | |||
r-oldrel-macos-x86_64 | 1.3-3 | 90.00 | NOTE | |||
r-oldrel-windows-ix86+x86_64 | 1.3-3 | 249.00 | 139.00 | 388.00 | OK |
Version: 1.3-3
Check: HTML version of manual
Result: NOTE
Found the following math rendering problems:
immer_latent_regression.Rd:45: Unexpected end of input in a macro argument, expected '}' at end of input: \bold
Flavors: r-devel-linux-x86_64-debian-clang, r-devel-linux-x86_64-debian-gcc, r-devel-linux-x86_64-fedora-clang, r-devel-linux-x86_64-fedora-gcc
Version: 1.3-3
Check: Rd cross-references
Result: NOTE
Undeclared package ‘mirt’ in Rd xrefs
Flavor: r-devel-linux-x86_64-fedora-clang
Version: 1.3-3
Check: installed package size
Result: NOTE
installed size is 5.0Mb
sub-directories of 1Mb or more:
libs 4.2Mb
Flavors: r-release-macos-arm64, r-release-macos-x86_64, r-oldrel-macos-arm64, r-oldrel-macos-x86_64