Last updated on 2022-08-15 08:49:58 CEST.
Flavor | Version | Tinstall | Tcheck | Ttotal | Status | Flags |
---|---|---|---|---|---|---|
r-devel-linux-x86_64-debian-clang | 0.8.7 | 46.11 | 154.31 | 200.42 | NOTE | |
r-devel-linux-x86_64-debian-gcc | 0.8.7 | 39.47 | 162.49 | 201.96 | NOTE | |
r-devel-linux-x86_64-fedora-clang | 0.8.7 | 332.26 | NOTE | |||
r-devel-linux-x86_64-fedora-gcc | 0.8.7 | 327.76 | NOTE | |||
r-devel-windows-x86_64 | 0.8.7 | 55.00 | 217.00 | 272.00 | NOTE | |
r-patched-linux-x86_64 | 0.8.7 | 46.50 | 135.96 | 182.46 | NOTE | |
r-release-linux-x86_64 | 0.8.7 | 48.23 | 199.36 | 247.59 | NOTE | |
r-release-macos-arm64 | 0.8.7 | 105.00 | NOTE | |||
r-release-macos-x86_64 | 0.8.7 | 179.00 | NOTE | |||
r-release-windows-x86_64 | 0.8.7 | 65.00 | 219.00 | 284.00 | NOTE | |
r-oldrel-macos-arm64 | 0.8.7 | 112.00 | NOTE | |||
r-oldrel-macos-x86_64 | 0.8.7 | 193.00 | NOTE | |||
r-oldrel-windows-ix86+x86_64 | 0.8.7 | 89.00 | 218.00 | 307.00 | NOTE |
Version: 0.8.7
Check: LazyData
Result: NOTE
'LazyData' is specified without a 'data' directory
Flavors: r-devel-linux-x86_64-debian-clang, r-devel-linux-x86_64-debian-gcc, r-devel-linux-x86_64-fedora-clang, r-devel-linux-x86_64-fedora-gcc, r-devel-windows-x86_64, r-patched-linux-x86_64, r-release-linux-x86_64, r-release-macos-arm64, r-release-macos-x86_64, r-release-windows-x86_64, r-oldrel-macos-arm64, r-oldrel-macos-x86_64, r-oldrel-windows-ix86+x86_64
Version: 0.8.7
Check: installed package size
Result: NOTE
installed size is 5.2Mb
sub-directories of 1Mb or more:
R 5.1Mb
Flavors: r-release-macos-arm64, r-oldrel-macos-arm64