Last updated on 2022-08-15 08:49:58 CEST.
Flavor | Version | Tinstall | Tcheck | Ttotal | Status | Flags |
---|---|---|---|---|---|---|
r-devel-linux-x86_64-debian-clang | 3.1.1 | 14.01 | 289.38 | 303.39 | OK | |
r-devel-linux-x86_64-debian-gcc | 3.1.1 | 11.56 | 209.29 | 220.85 | OK | |
r-devel-linux-x86_64-fedora-clang | 3.1.1 | 344.55 | NOTE | |||
r-devel-linux-x86_64-fedora-gcc | 3.1.1 | 368.45 | OK | |||
r-devel-windows-x86_64 | 3.1.1 | 296.00 | 349.00 | 645.00 | NOTE | |
r-patched-linux-x86_64 | 3.1.1 | 20.75 | 265.32 | 286.07 | OK | |
r-release-linux-x86_64 | 3.1.1 | 8.64 | 268.60 | 277.24 | OK | |
r-release-macos-arm64 | 3.1.1 | 96.00 | NOTE | |||
r-release-macos-x86_64 | 3.1.1 | 156.00 | NOTE | |||
r-release-windows-x86_64 | 3.1.1 | 219.00 | 373.00 | 592.00 | NOTE | |
r-oldrel-macos-arm64 | 3.1.1 | 73.00 | NOTE | |||
r-oldrel-macos-x86_64 | 3.1.1 | 125.00 | NOTE | |||
r-oldrel-windows-ix86+x86_64 | 3.1.1 | 31.00 | 380.00 | 411.00 | NOTE |
Version: 3.1.1
Check: installed package size
Result: NOTE
installed size is 10.2Mb
sub-directories of 1Mb or more:
doc 9.7Mb
Flavors: r-devel-linux-x86_64-fedora-clang, r-devel-windows-x86_64, r-release-macos-arm64, r-release-macos-x86_64, r-release-windows-x86_64, r-oldrel-macos-arm64, r-oldrel-macos-x86_64, r-oldrel-windows-ix86+x86_64
Version: 3.1.1
Check: Rd cross-references
Result: NOTE
Undeclared package ‘DT’ in Rd xrefs
Flavor: r-devel-linux-x86_64-fedora-clang