Last updated on 2022-08-15 08:49:58 CEST.
Flavor | Version | Tinstall | Tcheck | Ttotal | Status | Flags |
---|---|---|---|---|---|---|
r-devel-linux-x86_64-debian-clang | 0.0.4 | 45.99 | 66.56 | 112.55 | OK | |
r-devel-linux-x86_64-debian-gcc | 0.0.4 | 35.62 | 51.68 | 87.30 | OK | |
r-devel-linux-x86_64-fedora-clang | 0.0.4 | 156.20 | OK | |||
r-devel-linux-x86_64-fedora-gcc | 0.0.4 | 150.77 | OK | |||
r-devel-windows-x86_64 | 0.0.4 | 37.00 | 108.00 | 145.00 | OK | |
r-patched-linux-x86_64 | 0.0.4 | 42.63 | 64.38 | 107.01 | OK | |
r-release-linux-x86_64 | 0.0.4 | 38.20 | 65.24 | 103.44 | OK | |
r-release-macos-arm64 | 0.0.4 | 43.00 | OK | |||
r-release-macos-x86_64 | 0.0.4 | 59.00 | NOTE | |||
r-release-windows-x86_64 | 0.0.4 | 38.00 | 109.00 | 147.00 | OK | |
r-oldrel-macos-arm64 | 0.0.4 | 45.00 | NOTE | |||
r-oldrel-macos-x86_64 | 0.0.4 | 85.00 | OK | |||
r-oldrel-windows-ix86+x86_64 | 0.0.4 | 96.00 | 127.00 | 223.00 | OK |
Version: 0.0.4
Check: installed package size
Result: NOTE
installed size is 5.0Mb
sub-directories of 1Mb or more:
libs 4.9Mb
Flavors: r-release-macos-x86_64, r-oldrel-macos-arm64