Last updated on 2022-08-15 08:49:58 CEST.
Flavor | Version | Tinstall | Tcheck | Ttotal | Status | Flags |
---|---|---|---|---|---|---|
r-devel-linux-x86_64-debian-clang | 1.0.1 | 23.95 | 64.15 | 88.10 | OK | |
r-devel-linux-x86_64-debian-gcc | 1.0.1 | 18.18 | 48.46 | 66.64 | OK | |
r-devel-linux-x86_64-fedora-clang | 1.0.1 | 126.19 | NOTE | |||
r-devel-linux-x86_64-fedora-gcc | 1.0.1 | 119.62 | NOTE | |||
r-devel-windows-x86_64 | 1.0.1 | 34.00 | 104.00 | 138.00 | OK | |
r-patched-linux-x86_64 | 1.0.1 | 27.11 | 61.11 | 88.22 | OK | |
r-release-linux-x86_64 | 1.0.1 | 16.62 | 63.68 | 80.30 | OK | |
r-release-macos-arm64 | 1.0.1 | 33.00 | NOTE | |||
r-release-macos-x86_64 | 1.0.1 | 64.00 | NOTE | |||
r-release-windows-x86_64 | 1.0.1 | 41.00 | 113.00 | 154.00 | OK | |
r-oldrel-macos-arm64 | 1.0.1 | 40.00 | NOTE | |||
r-oldrel-macos-x86_64 | 1.0.1 | 67.00 | NOTE | |||
r-oldrel-windows-ix86+x86_64 | 1.0.1 | 62.00 | 125.00 | 187.00 | OK |
Version: 1.0.1
Check: dependencies in R code
Result: NOTE
Namespace in Imports field not imported from: ‘testthat’
All declared Imports should be used.
Flavors: r-devel-linux-x86_64-fedora-clang, r-devel-linux-x86_64-fedora-gcc, r-release-macos-arm64, r-release-macos-x86_64, r-oldrel-macos-arm64, r-oldrel-macos-x86_64