Last updated on 2022-08-15 08:49:58 CEST.
Flavor | Version | Tinstall | Tcheck | Ttotal | Status | Flags |
---|---|---|---|---|---|---|
r-devel-linux-x86_64-debian-clang | 2019.12.5 | 6.26 | 36.04 | 42.30 | OK | |
r-devel-linux-x86_64-debian-gcc | 2019.12.5 | 4.59 | 28.20 | 32.79 | OK | |
r-devel-linux-x86_64-fedora-clang | 2019.12.5 | 61.33 | NOTE | |||
r-devel-linux-x86_64-fedora-gcc | 2019.12.5 | 59.51 | OK | |||
r-devel-windows-x86_64 | 2019.12.5 | 48.00 | 72.00 | 120.00 | OK | |
r-patched-linux-x86_64 | 2019.12.5 | 6.36 | 35.66 | 42.02 | OK | |
r-release-linux-x86_64 | 2019.12.5 | 5.68 | 34.77 | 40.45 | OK | |
r-release-macos-arm64 | 2019.12.5 | 23.00 | OK | |||
r-release-macos-x86_64 | 2019.12.5 | 31.00 | OK | |||
r-release-windows-x86_64 | 2019.12.5 | 83.00 | 70.00 | 153.00 | OK | |
r-oldrel-macos-arm64 | 2019.12.5 | 27.00 | OK | |||
r-oldrel-macos-x86_64 | 2019.12.5 | 39.00 | OK | |||
r-oldrel-windows-ix86+x86_64 | 2019.12.5 | 11.00 | 63.00 | 74.00 | OK |
Version: 2019.12.5
Check: Rd cross-references
Result: NOTE
Undeclared package ‘R.methodsS3’ in Rd xrefs
Flavor: r-devel-linux-x86_64-fedora-clang