Last updated on 2022-08-15 08:49:58 CEST.
Flavor | Version | Tinstall | Tcheck | Ttotal | Status | Flags |
---|---|---|---|---|---|---|
r-devel-linux-x86_64-debian-clang | 0.1.11 | 6.08 | 69.85 | 75.93 | OK | |
r-devel-linux-x86_64-debian-gcc | 0.1.11 | 6.29 | 52.46 | 58.75 | OK | |
r-devel-linux-x86_64-fedora-clang | 0.1.11 | 103.02 | NOTE | |||
r-devel-linux-x86_64-fedora-gcc | 0.1.11 | 99.80 | NOTE | |||
r-devel-windows-x86_64 | 0.1.11 | 24.00 | 107.00 | 131.00 | OK | |
r-patched-linux-x86_64 | 0.1.11 | 6.76 | 66.27 | 73.03 | OK | |
r-release-linux-x86_64 | 0.1.11 | 8.09 | 65.81 | 73.90 | OK | |
r-release-macos-arm64 | 0.1.11 | 33.00 | NOTE | |||
r-release-macos-x86_64 | 0.1.11 | 54.00 | NOTE | |||
r-release-windows-x86_64 | 0.1.11 | 22.00 | 105.00 | 127.00 | OK | |
r-oldrel-macos-arm64 | 0.1.11 | 41.00 | NOTE | |||
r-oldrel-macos-x86_64 | 0.1.11 | 54.00 | NOTE | |||
r-oldrel-windows-ix86+x86_64 | 0.1.11 | 20.00 | 96.00 | 116.00 | OK |
Version: 0.1.11
Check: dependencies in R code
Result: NOTE
Namespace in Imports field not imported from: ‘ca’
All declared Imports should be used.
Flavors: r-devel-linux-x86_64-fedora-clang, r-devel-linux-x86_64-fedora-gcc, r-release-macos-arm64, r-release-macos-x86_64, r-oldrel-macos-arm64, r-oldrel-macos-x86_64