Last updated on 2022-08-15 08:49:58 CEST.
Flavor | Version | Tinstall | Tcheck | Ttotal | Status | Flags |
---|---|---|---|---|---|---|
r-devel-linux-x86_64-debian-clang | 0.1.3 | 63.65 | 39.88 | 103.53 | OK | |
r-devel-linux-x86_64-debian-gcc | 0.1.3 | 46.70 | 32.47 | 79.17 | OK | |
r-devel-linux-x86_64-fedora-clang | 0.1.3 | 151.80 | OK | |||
r-devel-linux-x86_64-fedora-gcc | 0.1.3 | 145.16 | OK | |||
r-devel-windows-x86_64 | 0.1.3 | 51.00 | 104.00 | 155.00 | OK | |
r-patched-linux-x86_64 | 0.1.3 | 47.84 | 41.20 | 89.04 | OK | |
r-release-linux-x86_64 | 0.1.3 | 50.00 | 41.38 | 91.38 | OK | |
r-release-macos-arm64 | 0.1.3 | 39.00 | NOTE | |||
r-release-macos-x86_64 | 0.1.3 | 53.00 | NOTE | |||
r-release-windows-x86_64 | 0.1.3 | 116.00 | 108.00 | 224.00 | OK | |
r-oldrel-macos-arm64 | 0.1.3 | 51.00 | NOTE | |||
r-oldrel-macos-x86_64 | 0.1.3 | 55.00 | NOTE | |||
r-oldrel-windows-ix86+x86_64 | 0.1.3 | 142.00 | 97.00 | 239.00 | OK |
Version: 0.1.3
Check: installed package size
Result: NOTE
installed size is 11.4Mb
sub-directories of 1Mb or more:
libs 11.2Mb
Flavors: r-release-macos-arm64, r-release-macos-x86_64, r-oldrel-macos-arm64, r-oldrel-macos-x86_64