Last updated on 2022-08-15 08:49:58 CEST.
Flavor | Version | Tinstall | Tcheck | Ttotal | Status | Flags |
---|---|---|---|---|---|---|
r-devel-linux-x86_64-debian-clang | 0.1.1 | 3.04 | 44.11 | 47.15 | OK | |
r-devel-linux-x86_64-debian-gcc | 0.1.1 | 2.74 | 33.50 | 36.24 | OK | |
r-devel-linux-x86_64-fedora-clang | 0.1.1 | 68.28 | NOTE | |||
r-devel-linux-x86_64-fedora-gcc | 0.1.1 | 65.50 | NOTE | |||
r-devel-windows-x86_64 | 0.1.1 | 17.00 | 75.00 | 92.00 | OK | |
r-patched-linux-x86_64 | 0.1.1 | 3.19 | 41.99 | 45.18 | OK | |
r-release-linux-x86_64 | 0.1.1 | 3.37 | 42.37 | 45.74 | OK | |
r-release-macos-arm64 | 0.1.1 | 28.00 | NOTE | |||
r-release-macos-x86_64 | 0.1.1 | 49.00 | NOTE | |||
r-release-windows-x86_64 | 0.1.1 | 13.00 | 75.00 | 88.00 | OK | |
r-oldrel-macos-arm64 | 0.1.1 | 34.00 | NOTE | |||
r-oldrel-macos-x86_64 | 0.1.1 | 39.00 | NOTE | |||
r-oldrel-windows-ix86+x86_64 | 0.1.1 | 8.00 | 68.00 | 76.00 | OK |
Version: 0.1.1
Check: dependencies in R code
Result: NOTE
Namespace in Imports field not imported from: ‘purrr’
All declared Imports should be used.
Flavors: r-devel-linux-x86_64-fedora-clang, r-devel-linux-x86_64-fedora-gcc, r-release-macos-arm64, r-release-macos-x86_64, r-oldrel-macos-arm64, r-oldrel-macos-x86_64