Last updated on 2022-08-15 08:49:58 CEST.
Flavor | Version | Tinstall | Tcheck | Ttotal | Status | Flags |
---|---|---|---|---|---|---|
r-devel-linux-x86_64-debian-clang | 0.1.6 | 31.46 | 341.60 | 373.06 | NOTE | |
r-devel-linux-x86_64-debian-gcc | 0.1.6 | 25.75 | 248.75 | 274.50 | NOTE | |
r-devel-linux-x86_64-fedora-clang | 0.1.6 | 439.88 | NOTE | |||
r-devel-linux-x86_64-fedora-gcc | 0.1.6 | 432.98 | NOTE | |||
r-devel-windows-x86_64 | 0.1.6 | 59.00 | 333.00 | 392.00 | NOTE | |
r-patched-linux-x86_64 | 0.1.6 | 27.85 | 318.58 | 346.43 | NOTE | |
r-release-linux-x86_64 | 0.1.6 | 28.19 | 317.72 | 345.91 | NOTE | |
r-release-macos-arm64 | 0.1.6 | 93.00 | NOTE | |||
r-release-macos-x86_64 | 0.1.6 | 166.00 | NOTE | |||
r-release-windows-x86_64 | 0.1.6 | 60.00 | 320.00 | 380.00 | NOTE | |
r-oldrel-macos-arm64 | 0.1.6 | 78.00 | NOTE | |||
r-oldrel-macos-x86_64 | 0.1.6 | 81.00 | NOTE | |||
r-oldrel-windows-ix86+x86_64 | 0.1.6 | 70.00 | 335.00 | 405.00 | NOTE |
Version: 0.1.6
Check: LazyData
Result: NOTE
'LazyData' is specified without a 'data' directory
Flavors: r-devel-linux-x86_64-debian-clang, r-devel-linux-x86_64-debian-gcc, r-devel-linux-x86_64-fedora-clang, r-devel-linux-x86_64-fedora-gcc, r-devel-windows-x86_64, r-patched-linux-x86_64, r-release-linux-x86_64, r-release-macos-arm64, r-release-macos-x86_64, r-release-windows-x86_64, r-oldrel-macos-arm64, r-oldrel-macos-x86_64, r-oldrel-windows-ix86+x86_64
Version: 0.1.6
Check: dependencies in R code
Result: NOTE
Namespace in Imports field not imported from: ‘grDevices’
All declared Imports should be used.
Flavors: r-devel-linux-x86_64-fedora-clang, r-devel-linux-x86_64-fedora-gcc, r-release-macos-arm64, r-release-macos-x86_64, r-oldrel-macos-arm64, r-oldrel-macos-x86_64