Last updated on 2022-08-15 08:49:58 CEST.
Flavor | Version | Tinstall | Tcheck | Ttotal | Status | Flags |
---|---|---|---|---|---|---|
r-devel-linux-x86_64-debian-clang | 0.1.0 | 17.34 | 161.89 | 179.23 | OK | |
r-devel-linux-x86_64-debian-gcc | 0.1.0 | 13.26 | 119.95 | 133.21 | OK | |
r-devel-linux-x86_64-fedora-clang | 0.1.0 | 223.03 | NOTE | |||
r-devel-linux-x86_64-fedora-gcc | 0.1.0 | 230.25 | NOTE | |||
r-devel-windows-x86_64 | 0.1.0 | 50.00 | 186.00 | 236.00 | OK | |
r-patched-linux-x86_64 | 0.1.0 | 10.51 | 152.34 | 162.85 | OK | |
r-release-linux-x86_64 | 0.1.0 | 10.29 | 152.66 | 162.95 | OK | |
r-release-macos-arm64 | 0.1.0 | 66.00 | NOTE | |||
r-release-macos-x86_64 | 0.1.0 | 100.00 | NOTE | |||
r-release-windows-x86_64 | 0.1.0 | 57.00 | 188.00 | 245.00 | OK | |
r-oldrel-macos-arm64 | 0.1.0 | 63.00 | NOTE | |||
r-oldrel-macos-x86_64 | 0.1.0 | 75.00 | NOTE | |||
r-oldrel-windows-ix86+x86_64 | 0.1.0 | 39.00 | 178.00 | 217.00 | OK |
Version: 0.1.0
Check: dependencies in R code
Result: NOTE
Namespaces in Imports field not imported from:
‘grDevices’ ‘methods’ ‘mlbench’ ‘parallel’ ‘utils’
All declared Imports should be used.
Flavors: r-devel-linux-x86_64-fedora-clang, r-devel-linux-x86_64-fedora-gcc, r-release-macos-arm64, r-release-macos-x86_64, r-oldrel-macos-arm64, r-oldrel-macos-x86_64