Last updated on 2022-08-15 08:49:58 CEST.
Flavor | Version | Tinstall | Tcheck | Ttotal | Status | Flags |
---|---|---|---|---|---|---|
r-devel-linux-x86_64-debian-clang | 0.1.0 | 2.32 | 26.73 | 29.05 | OK | |
r-devel-linux-x86_64-debian-gcc | 0.1.0 | 1.85 | 20.96 | 22.81 | OK | |
r-devel-linux-x86_64-fedora-clang | 0.1.0 | 46.95 | NOTE | |||
r-devel-linux-x86_64-fedora-gcc | 0.1.0 | 45.23 | OK | |||
r-devel-windows-x86_64 | 0.1.0 | 9.00 | 58.00 | 67.00 | OK | |
r-patched-linux-x86_64 | 0.1.0 | 2.61 | 26.08 | 28.69 | OK | |
r-release-linux-x86_64 | 0.1.0 | 1.81 | 26.33 | 28.14 | OK | |
r-release-macos-arm64 | 0.1.0 | 16.00 | OK | |||
r-release-macos-x86_64 | 0.1.0 | 23.00 | OK | |||
r-release-windows-x86_64 | 0.1.0 | 9.00 | 56.00 | 65.00 | OK | |
r-oldrel-macos-arm64 | 0.1.0 | 20.00 | OK | |||
r-oldrel-macos-x86_64 | 0.1.0 | 30.00 | OK | |||
r-oldrel-windows-ix86+x86_64 | 0.1.0 | 6.00 | 45.00 | 51.00 | OK |
Version: 0.1.0
Check: Rd cross-references
Result: NOTE
Undeclared package ‘colorspace’ in Rd xrefs
Flavor: r-devel-linux-x86_64-fedora-clang