Last updated on 2022-08-15 08:49:58 CEST.
Flavor | Version | Tinstall | Tcheck | Ttotal | Status | Flags |
---|---|---|---|---|---|---|
r-devel-linux-x86_64-debian-clang | 0.8.0 | 24.33 | 179.77 | 204.10 | NOTE | |
r-devel-linux-x86_64-debian-gcc | 0.8.0 | 19.34 | 127.51 | 146.85 | NOTE | |
r-devel-linux-x86_64-fedora-clang | 0.8.0 | 240.30 | NOTE | |||
r-devel-linux-x86_64-fedora-gcc | 0.8.0 | 222.47 | NOTE | |||
r-devel-windows-x86_64 | 0.8.0 | 45.00 | 190.00 | 235.00 | NOTE | |
r-patched-linux-x86_64 | 0.8.0 | 22.72 | 149.30 | 172.02 | NOTE | |
r-release-linux-x86_64 | 0.8.0 | 20.54 | 150.23 | 170.77 | NOTE | |
r-release-macos-arm64 | 0.8.0 | 55.00 | NOTE | |||
r-release-macos-x86_64 | 0.8.0 | 84.00 | NOTE | |||
r-release-windows-x86_64 | 0.8.0 | 54.00 | 190.00 | 244.00 | NOTE | |
r-oldrel-macos-arm64 | 0.8.0 | 64.00 | NOTE | |||
r-oldrel-macos-x86_64 | 0.8.0 | 129.00 | NOTE | |||
r-oldrel-windows-ix86+x86_64 | 0.8.0 | 66.00 | 294.00 | 360.00 | NOTE |
Version: 0.8.0
Check: LazyData
Result: NOTE
'LazyData' is specified without a 'data' directory
Flavors: r-devel-linux-x86_64-debian-clang, r-devel-linux-x86_64-debian-gcc, r-devel-linux-x86_64-fedora-clang, r-devel-linux-x86_64-fedora-gcc, r-devel-windows-x86_64, r-patched-linux-x86_64, r-release-linux-x86_64, r-release-macos-arm64, r-release-macos-x86_64, r-release-windows-x86_64, r-oldrel-macos-arm64, r-oldrel-macos-x86_64, r-oldrel-windows-ix86+x86_64