Last updated on 2022-08-15 08:49:59 CEST.
Flavor | Version | Tinstall | Tcheck | Ttotal | Status | Flags |
---|---|---|---|---|---|---|
r-devel-linux-x86_64-debian-clang | 0.2.2 | 224.26 | 59.34 | 283.60 | NOTE | |
r-devel-linux-x86_64-debian-gcc | 0.2.2 | 179.45 | 44.46 | 223.91 | NOTE | |
r-devel-linux-x86_64-fedora-clang | 0.2.2 | 410.68 | NOTE | |||
r-devel-linux-x86_64-fedora-gcc | 0.2.2 | 388.57 | NOTE | |||
r-devel-windows-x86_64 | 0.2.2 | 174.00 | 122.00 | 296.00 | NOTE | |
r-patched-linux-x86_64 | 0.2.2 | 185.29 | 56.58 | 241.87 | NOTE | |
r-release-linux-x86_64 | 0.2.2 | 189.71 | 56.64 | 246.35 | NOTE | |
r-release-macos-arm64 | 0.2.2 | 85.00 | NOTE | |||
r-release-macos-x86_64 | 0.2.2 | 114.00 | NOTE | |||
r-release-windows-x86_64 | 0.2.2 | 188.00 | 119.00 | 307.00 | NOTE | |
r-oldrel-macos-arm64 | 0.2.2 | 97.00 | NOTE | |||
r-oldrel-macos-x86_64 | 0.2.2 | 177.00 | NOTE | |||
r-oldrel-windows-ix86+x86_64 | 0.2.2 | 496.00 | 132.00 | 628.00 | NOTE |
Version: 0.2.2
Check: LazyData
Result: NOTE
'LazyData' is specified without a 'data' directory
Flavors: r-devel-linux-x86_64-debian-clang, r-devel-linux-x86_64-debian-gcc, r-devel-linux-x86_64-fedora-clang, r-devel-linux-x86_64-fedora-gcc, r-devel-windows-x86_64, r-patched-linux-x86_64, r-release-linux-x86_64, r-release-macos-arm64, r-release-macos-x86_64, r-release-windows-x86_64, r-oldrel-macos-arm64, r-oldrel-macos-x86_64, r-oldrel-windows-ix86+x86_64
Version: 0.2.2
Check: installed package size
Result: NOTE
installed size is 11.7Mb
sub-directories of 1Mb or more:
libs 11.0Mb
Flavors: r-release-macos-arm64, r-release-macos-x86_64, r-oldrel-macos-arm64, r-oldrel-macos-x86_64