Last updated on 2022-08-15 08:49:59 CEST.
Flavor | Version | Tinstall | Tcheck | Ttotal | Status | Flags |
---|---|---|---|---|---|---|
r-devel-linux-x86_64-debian-clang | 1.1-4 | 8.41 | 81.05 | 89.46 | OK | |
r-devel-linux-x86_64-debian-gcc | 1.1-4 | 7.02 | 61.06 | 68.08 | OK | |
r-devel-linux-x86_64-fedora-clang | 1.1-4 | 117.21 | NOTE | |||
r-devel-linux-x86_64-fedora-gcc | 1.1-4 | 112.53 | NOTE | |||
r-devel-windows-x86_64 | 1.1-4 | 19.00 | 111.00 | 130.00 | OK | |
r-patched-linux-x86_64 | 1.1-4 | 7.93 | 73.76 | 81.69 | OK | |
r-release-linux-x86_64 | 1.1-4 | 7.09 | 75.00 | 82.09 | OK | |
r-release-macos-arm64 | 1.1-4 | 34.00 | NOTE | |||
r-release-macos-x86_64 | 1.1-4 | 63.00 | NOTE | |||
r-release-windows-x86_64 | 1.1-4 | 18.00 | 106.00 | 124.00 | OK | |
r-oldrel-macos-arm64 | 1.1-4 | 31.00 | NOTE | |||
r-oldrel-macos-x86_64 | 1.1-4 | 44.00 | NOTE | |||
r-oldrel-windows-ix86+x86_64 | 1.1-4 | 19.00 | 104.00 | 123.00 | OK |
Version: 1.1-4
Check: data for non-ASCII characters
Result: NOTE
Note: found 12106 marked UTF-8 strings
Flavors: r-devel-linux-x86_64-fedora-clang, r-devel-linux-x86_64-fedora-gcc, r-release-macos-arm64, r-release-macos-x86_64, r-oldrel-macos-arm64, r-oldrel-macos-x86_64