Last updated on 2022-08-15 08:49:59 CEST.
Flavor | Version | Tinstall | Tcheck | Ttotal | Status | Flags |
---|---|---|---|---|---|---|
r-devel-linux-x86_64-debian-clang | 1.1.0 | 7.88 | 65.82 | 73.70 | OK | |
r-devel-linux-x86_64-debian-gcc | 1.1.0 | 6.43 | 50.92 | 57.35 | OK | |
r-devel-linux-x86_64-fedora-clang | 1.1.0 | 98.09 | NOTE | |||
r-devel-linux-x86_64-fedora-gcc | 1.1.0 | 99.26 | NOTE | |||
r-devel-windows-x86_64 | 1.1.0 | 12.00 | 90.00 | 102.00 | OK | |
r-patched-linux-x86_64 | 1.1.0 | 6.28 | 64.66 | 70.94 | OK | |
r-release-linux-x86_64 | 1.1.0 | 7.77 | 63.76 | 71.53 | OK | |
r-release-macos-arm64 | 1.1.0 | 31.00 | NOTE | |||
r-release-macos-x86_64 | 1.1.0 | 43.00 | NOTE | |||
r-release-windows-x86_64 | 1.1.0 | 12.00 | 88.00 | 100.00 | OK | |
r-oldrel-macos-arm64 | 1.1.0 | 31.00 | NOTE | |||
r-oldrel-macos-x86_64 | 1.1.0 | 43.00 | NOTE | |||
r-oldrel-windows-ix86+x86_64 | 1.1.0 | 18.00 | 80.00 | 98.00 | OK |
Version: 1.1.0
Check: dependencies in R code
Result: NOTE
Namespace in Imports field not imported from: ‘stringr’
All declared Imports should be used.
Flavors: r-devel-linux-x86_64-fedora-clang, r-devel-linux-x86_64-fedora-gcc, r-release-macos-arm64, r-release-macos-x86_64, r-oldrel-macos-arm64, r-oldrel-macos-x86_64