Last updated on 2022-08-15 08:49:59 CEST.
Flavor | Version | Tinstall | Tcheck | Ttotal | Status | Flags |
---|---|---|---|---|---|---|
r-devel-linux-x86_64-debian-clang | 0.1.3 | 9.66 | 33.51 | 43.17 | NOTE | |
r-devel-linux-x86_64-debian-gcc | 0.1.3 | 7.83 | 26.11 | 33.94 | NOTE | |
r-devel-linux-x86_64-fedora-clang | 0.1.3 | 63.73 | NOTE | |||
r-devel-linux-x86_64-fedora-gcc | 0.1.3 | 62.62 | NOTE | |||
r-devel-windows-x86_64 | 0.1.3 | 18.00 | 69.00 | 87.00 | NOTE | |
r-patched-linux-x86_64 | 0.1.3 | 7.85 | 31.91 | 39.76 | NOTE | |
r-release-linux-x86_64 | 0.1.3 | 8.49 | 32.52 | 41.01 | NOTE | |
r-release-macos-arm64 | 0.1.3 | 24.00 | NOTE | |||
r-release-macos-x86_64 | 0.1.3 | 43.00 | NOTE | |||
r-release-windows-x86_64 | 0.1.3 | 22.00 | 68.00 | 90.00 | NOTE | |
r-oldrel-macos-arm64 | 0.1.3 | 27.00 | NOTE | |||
r-oldrel-macos-x86_64 | 0.1.3 | 48.00 | NOTE | |||
r-oldrel-windows-ix86+x86_64 | 0.1.3 | 17.00 | 64.00 | 81.00 | NOTE |
Version: 0.1.3
Check: LazyData
Result: NOTE
'LazyData' is specified without a 'data' directory
Flavors: r-devel-linux-x86_64-debian-clang, r-devel-linux-x86_64-debian-gcc, r-devel-linux-x86_64-fedora-clang, r-devel-linux-x86_64-fedora-gcc, r-devel-windows-x86_64, r-patched-linux-x86_64, r-release-linux-x86_64, r-release-macos-arm64, r-release-macos-x86_64, r-release-windows-x86_64, r-oldrel-macos-arm64, r-oldrel-macos-x86_64, r-oldrel-windows-ix86+x86_64