Last updated on 2022-08-15 08:49:59 CEST.
Flavor | Version | Tinstall | Tcheck | Ttotal | Status | Flags |
---|---|---|---|---|---|---|
r-devel-linux-x86_64-debian-clang | 0.7.3 | 81.02 | 105.45 | 186.47 | OK | |
r-devel-linux-x86_64-debian-gcc | 0.7.3 | 60.17 | 79.48 | 139.65 | OK | |
r-devel-linux-x86_64-fedora-clang | 0.7.3 | 244.72 | OK | |||
r-devel-linux-x86_64-fedora-gcc | 0.7.3 | 249.21 | OK | |||
r-devel-windows-x86_64 | 0.7.3 | 81.00 | 149.00 | 230.00 | OK | |
r-patched-linux-x86_64 | 0.7.3 | 69.48 | 98.70 | 168.18 | OK | |
r-release-linux-x86_64 | 0.7.3 | 65.84 | 100.45 | 166.29 | OK | |
r-release-macos-arm64 | 0.7.3 | 60.00 | NOTE | |||
r-release-macos-x86_64 | 0.7.3 | 103.00 | NOTE | |||
r-release-windows-x86_64 | 0.7.3 | 82.00 | 152.00 | 234.00 | OK | |
r-oldrel-macos-arm64 | 0.7.3 | 69.00 | NOTE | |||
r-oldrel-macos-x86_64 | 0.7.3 | 96.00 | NOTE | |||
r-oldrel-windows-ix86+x86_64 | 0.7.3 | 176.00 | 175.00 | 351.00 | OK |
Version: 0.7.3
Check: installed package size
Result: NOTE
installed size is 9.0Mb
sub-directories of 1Mb or more:
libs 7.7Mb
Flavors: r-release-macos-arm64, r-release-macos-x86_64, r-oldrel-macos-arm64, r-oldrel-macos-x86_64