Last updated on 2022-08-15 08:49:59 CEST.
Flavor | Version | Tinstall | Tcheck | Ttotal | Status | Flags |
---|---|---|---|---|---|---|
r-devel-linux-x86_64-debian-clang | 0.2.1 | 12.59 | 238.32 | 250.91 | NOTE | |
r-devel-linux-x86_64-debian-gcc | 0.2.1 | 9.79 | 174.99 | 184.78 | NOTE | |
r-devel-linux-x86_64-fedora-clang | 0.2.1 | 301.99 | NOTE | |||
r-devel-linux-x86_64-fedora-gcc | 0.2.1 | 292.15 | NOTE | |||
r-devel-windows-x86_64 | 0.2.1 | 34.00 | 276.00 | 310.00 | NOTE | |
r-patched-linux-x86_64 | 0.2.1 | 8.83 | 223.00 | 231.83 | OK | |
r-release-linux-x86_64 | 0.2.1 | 7.80 | 218.24 | 226.04 | OK | |
r-release-macos-arm64 | 0.2.1 | 93.00 | OK | |||
r-release-macos-x86_64 | 0.2.1 | 146.00 | OK | |||
r-release-windows-x86_64 | 0.2.1 | 49.00 | 285.00 | 334.00 | OK | |
r-oldrel-macos-arm64 | 0.2.1 | 90.00 | OK | |||
r-oldrel-macos-x86_64 | 0.2.1 | 120.00 | OK | |||
r-oldrel-windows-ix86+x86_64 | 0.2.1 | 29.00 | 277.00 | 306.00 | OK |
Version: 0.2.1
Check: Rd files
Result: NOTE
checkRd: (-1) ir_to_transmittance.Rd:49: Escaped LaTeX specials: \&
Flavors: r-devel-linux-x86_64-debian-clang, r-devel-linux-x86_64-debian-gcc, r-devel-linux-x86_64-fedora-clang, r-devel-linux-x86_64-fedora-gcc, r-devel-windows-x86_64