Last updated on 2022-08-15 08:49:59 CEST.
Flavor | Version | Tinstall | Tcheck | Ttotal | Status | Flags |
---|---|---|---|---|---|---|
r-devel-linux-x86_64-debian-clang | 1.0 | 4.86 | 42.43 | 47.29 | NOTE | |
r-devel-linux-x86_64-debian-gcc | 1.0 | 3.66 | 32.48 | 36.14 | NOTE | |
r-devel-linux-x86_64-fedora-clang | 1.0 | 68.77 | NOTE | |||
r-devel-linux-x86_64-fedora-gcc | 1.0 | 66.12 | NOTE | |||
r-devel-windows-x86_64 | 1.0 | 38.00 | 82.00 | 120.00 | NOTE | |
r-patched-linux-x86_64 | 1.0 | 6.16 | 40.06 | 46.22 | OK | |
r-release-linux-x86_64 | 1.0 | 4.90 | 40.86 | 45.76 | OK | |
r-release-macos-arm64 | 1.0 | 23.00 | OK | |||
r-release-macos-x86_64 | 1.0 | 35.00 | OK | |||
r-release-windows-x86_64 | 1.0 | 35.00 | 84.00 | 119.00 | OK | |
r-oldrel-macos-arm64 | 1.0 | 28.00 | OK | |||
r-oldrel-macos-x86_64 | 1.0 | 42.00 | OK | |||
r-oldrel-windows-ix86+x86_64 | 1.0 | 10.00 | 69.00 | 79.00 | OK |
Version: 1.0
Check: Rd files
Result: NOTE
checkRd: (-1) bp.coeff.raw.Rd:5: Escaped LaTeX specials: \&
checkRd: (-1) bp.coeff.raw.Rd:41: Escaped LaTeX specials: \&
checkRd: (-1) bp.coeff.raw.Rd:53: Escaped LaTeX specials: \&
checkRd: (-1) fleiss.kappa.raw.Rd:52: Escaped LaTeX specials: \&
checkRd: (-1) landis.koch.bf.Rd:14: Escaped LaTeX specials: \&
checkRd: (-1) landis.koch.bf.Rd:17: Escaped LaTeX specials: \&
Flavors: r-devel-linux-x86_64-debian-clang, r-devel-linux-x86_64-debian-gcc, r-devel-linux-x86_64-fedora-clang, r-devel-linux-x86_64-fedora-gcc, r-devel-windows-x86_64