Last updated on 2022-08-15 08:49:59 CEST.
Flavor | Version | Tinstall | Tcheck | Ttotal | Status | Flags |
---|---|---|---|---|---|---|
r-devel-linux-x86_64-debian-clang | 0.2.3 | 2.62 | 27.90 | 30.52 | OK | |
r-devel-linux-x86_64-debian-gcc | 0.2.3 | 2.36 | 21.11 | 23.47 | OK | |
r-devel-linux-x86_64-fedora-clang | 0.2.3 | 48.49 | NOTE | |||
r-devel-linux-x86_64-fedora-gcc | 0.2.3 | 46.05 | OK | |||
r-devel-windows-x86_64 | 0.2.3 | 11.00 | 51.00 | 62.00 | OK | |
r-patched-linux-x86_64 | 0.2.3 | 2.63 | 26.51 | 29.14 | OK | |
r-release-linux-x86_64 | 0.2.3 | 3.11 | 26.25 | 29.36 | OK | |
r-release-macos-arm64 | 0.2.3 | 14.00 | OK | |||
r-release-macos-x86_64 | 0.2.3 | 22.00 | OK | |||
r-release-windows-x86_64 | 0.2.3 | 6.00 | 50.00 | 56.00 | OK | |
r-oldrel-macos-arm64 | 0.2.3 | 16.00 | OK | |||
r-oldrel-macos-x86_64 | 0.2.3 | 22.00 | OK | |||
r-oldrel-windows-ix86+x86_64 | 0.2.3 | 6.00 | 44.00 | 50.00 | OK |
Version: 0.2.3
Check: Rd cross-references
Result: NOTE
Undeclared package ‘irr’ in Rd xrefs
Flavor: r-devel-linux-x86_64-fedora-clang