Last updated on 2022-08-15 08:49:59 CEST.
Flavor | Version | Tinstall | Tcheck | Ttotal | Status | Flags |
---|---|---|---|---|---|---|
r-devel-linux-x86_64-debian-clang | 0.2.5 | 164.24 | 182.63 | 346.87 | WARN | |
r-devel-linux-x86_64-debian-gcc | 0.2.5 | 144.24 | 130.98 | 275.22 | OK | |
r-devel-linux-x86_64-fedora-clang | 0.2.5 | 480.43 | WARN | |||
r-devel-linux-x86_64-fedora-gcc | 0.2.5 | 458.60 | OK | |||
r-devel-windows-x86_64 | 0.2.5 | 184.00 | 224.00 | 408.00 | OK | |
r-patched-linux-x86_64 | 0.2.5 | 152.10 | 164.10 | 316.20 | OK | |
r-release-linux-x86_64 | 0.2.5 | 148.10 | 165.15 | 313.25 | OK | |
r-release-macos-arm64 | 0.2.5 | 101.00 | NOTE | |||
r-release-macos-x86_64 | 0.2.5 | 146.00 | NOTE | |||
r-release-windows-x86_64 | 0.2.5 | 202.00 | 234.00 | 436.00 | OK | |
r-oldrel-macos-arm64 | 0.2.5 | 117.00 | NOTE | |||
r-oldrel-macos-x86_64 | 0.2.5 | 177.00 | NOTE | |||
r-oldrel-windows-ix86+x86_64 | 0.2.5 | 395.00 | 296.00 | 691.00 | OK |
Version: 0.2.5
Check: whether package can be installed
Result: WARN
Found the following significant warnings:
item_analysis.cpp:75:7: warning: use of bitwise '|' with boolean operands [-Wbitwise-instead-of-logical]
Flavors: r-devel-linux-x86_64-debian-clang, r-devel-linux-x86_64-fedora-clang
Version: 0.2.5
Check: installed package size
Result: NOTE
installed size is 8.7Mb
sub-directories of 1Mb or more:
libs 7.2Mb
Flavors: r-release-macos-arm64, r-release-macos-x86_64, r-oldrel-macos-arm64, r-oldrel-macos-x86_64