Last updated on 2022-08-15 08:49:59 CEST.
Flavor | Version | Tinstall | Tcheck | Ttotal | Status | Flags |
---|---|---|---|---|---|---|
r-devel-linux-x86_64-debian-clang | 1.6.4 | 31.40 | 204.96 | 236.36 | NOTE | |
r-devel-linux-x86_64-debian-gcc | 1.6.4 | 26.52 | 149.09 | 175.61 | NOTE | |
r-devel-linux-x86_64-fedora-clang | 1.6.4 | 292.94 | NOTE | |||
r-devel-linux-x86_64-fedora-gcc | 1.6.4 | 295.91 | NOTE | |||
r-devel-windows-x86_64 | 1.6.4 | 48.00 | 210.00 | 258.00 | NOTE | |
r-patched-linux-x86_64 | 1.6.4 | 30.53 | 183.35 | 213.88 | OK | |
r-release-linux-x86_64 | 1.6.4 | 28.83 | 186.13 | 214.96 | OK | |
r-release-macos-arm64 | 1.6.4 | 70.00 | OK | |||
r-release-macos-x86_64 | 1.6.4 | 137.00 | OK | |||
r-release-windows-x86_64 | 1.6.4 | 58.00 | 209.00 | 267.00 | OK | |
r-oldrel-macos-arm64 | 1.6.4 | 65.00 | OK | |||
r-oldrel-macos-x86_64 | 1.6.4 | 90.00 | OK | |||
r-oldrel-windows-ix86+x86_64 | 1.6.4 | 58.00 | 205.00 | 263.00 | OK |
Version: 1.6.4
Check: package subdirectories
Result: NOTE
Problems with news in 'NEWS.md':
No news entries found.
Flavors: r-devel-linux-x86_64-debian-clang, r-devel-linux-x86_64-debian-gcc, r-devel-linux-x86_64-fedora-clang, r-devel-linux-x86_64-fedora-gcc, r-devel-windows-x86_64