Last updated on 2022-08-15 08:49:59 CEST.
Flavor | Version | Tinstall | Tcheck | Ttotal | Status | Flags |
---|---|---|---|---|---|---|
r-devel-linux-x86_64-debian-clang | 1.0.0 | 5.16 | 85.65 | 90.81 | NOTE | |
r-devel-linux-x86_64-debian-gcc | 1.0.0 | 3.88 | 66.67 | 70.55 | NOTE | |
r-devel-linux-x86_64-fedora-clang | 1.0.0 | 120.03 | NOTE | |||
r-devel-linux-x86_64-fedora-gcc | 1.0.0 | 122.58 | NOTE | |||
r-devel-windows-x86_64 | 1.0.0 | 50.00 | 138.00 | 188.00 | OK | |
r-patched-linux-x86_64 | 1.0.0 | 4.26 | 81.69 | 85.95 | OK | |
r-release-linux-x86_64 | 1.0.0 | 4.56 | 82.92 | 87.48 | OK | |
r-release-macos-arm64 | 1.0.0 | 21.00 | NOTE | |||
r-release-macos-x86_64 | 1.0.0 | 52.00 | OK | |||
r-release-windows-x86_64 | 1.0.0 | 49.00 | 139.00 | 188.00 | OK | |
r-oldrel-macos-arm64 | 1.0.0 | 25.00 | NOTE | |||
r-oldrel-macos-x86_64 | 1.0.0 | 50.00 | OK | |||
r-oldrel-windows-ix86+x86_64 | 1.0.0 | 13.00 | 130.00 | 143.00 | OK |
Version: 1.0.0
Check: HTML version of manual
Result: NOTE
Found the following HTML validation problems:
aFiles.html:52:78: Warning: inserting implicit <p>
aFiles.html:52:78: Warning: trimming empty <p>
Flavors: r-devel-linux-x86_64-debian-clang, r-devel-linux-x86_64-debian-gcc, r-devel-linux-x86_64-fedora-clang, r-devel-linux-x86_64-fedora-gcc
Version: 1.0.0
Check: package dependencies
Result: NOTE
Packages suggested but not available for checking:
'affy', 'Biobase', 'xcms'
Flavor: r-release-macos-arm64
Version: 1.0.0
Check: package dependencies
Result: NOTE
Package suggested but not available for checking: ‘xcms’
Flavor: r-oldrel-macos-arm64