Last updated on 2022-08-15 08:49:59 CEST.
Flavor | Version | Tinstall | Tcheck | Ttotal | Status | Flags |
---|---|---|---|---|---|---|
r-devel-linux-x86_64-debian-clang | 1.0.0 | 2.61 | 41.19 | 43.80 | OK | |
r-devel-linux-x86_64-debian-gcc | 1.0.0 | 2.57 | 30.23 | 32.80 | OK | |
r-devel-linux-x86_64-fedora-clang | 1.0.0 | 62.99 | NOTE | |||
r-devel-linux-x86_64-fedora-gcc | 1.0.0 | 59.35 | NOTE | |||
r-devel-windows-x86_64 | 1.0.0 | 41.00 | 68.00 | 109.00 | OK | |
r-patched-linux-x86_64 | 1.0.0 | 2.53 | 36.97 | 39.50 | OK | |
r-release-linux-x86_64 | 1.0.0 | 2.88 | 37.80 | 40.68 | OK | |
r-release-macos-arm64 | 1.0.0 | 24.00 | NOTE | |||
r-release-macos-x86_64 | 1.0.0 | 30.00 | NOTE | |||
r-release-windows-x86_64 | 1.0.0 | 7.00 | 72.00 | 79.00 | OK | |
r-oldrel-macos-arm64 | 1.0.0 | 24.00 | NOTE | |||
r-oldrel-macos-x86_64 | 1.0.0 | 29.00 | NOTE | |||
r-oldrel-windows-ix86+x86_64 | 1.0.0 | 8.00 | 63.00 | 71.00 | OK |
Version: 1.0.0
Check: data for non-ASCII characters
Result: NOTE
Note: found 12 marked UTF-8 strings
Flavors: r-devel-linux-x86_64-fedora-clang, r-devel-linux-x86_64-fedora-gcc, r-release-macos-arm64, r-release-macos-x86_64, r-oldrel-macos-arm64, r-oldrel-macos-x86_64