Last updated on 2022-08-15 08:49:59 CEST.
Flavor | Version | Tinstall | Tcheck | Ttotal | Status | Flags |
---|---|---|---|---|---|---|
r-devel-linux-x86_64-debian-clang | 0.1.0 | 38.78 | 96.25 | 135.03 | OK | |
r-devel-linux-x86_64-debian-gcc | 0.1.0 | 30.75 | 72.97 | 103.72 | OK | |
r-devel-linux-x86_64-fedora-clang | 0.1.0 | 188.27 | NOTE | |||
r-devel-linux-x86_64-fedora-gcc | 0.1.0 | 173.85 | NOTE | |||
r-devel-windows-x86_64 | 0.1.0 | 56.00 | 147.00 | 203.00 | OK | |
r-patched-linux-x86_64 | 0.1.0 | 36.60 | 88.71 | 125.31 | OK | |
r-release-linux-x86_64 | 0.1.0 | 36.45 | 90.59 | 127.04 | OK | |
r-release-macos-arm64 | 0.1.0 | 50.00 | NOTE | |||
r-release-macos-x86_64 | 0.1.0 | 67.00 | NOTE | |||
r-release-windows-x86_64 | 0.1.0 | 94.00 | 158.00 | 252.00 | OK | |
r-oldrel-macos-arm64 | 0.1.0 | 58.00 | NOTE | |||
r-oldrel-macos-x86_64 | 0.1.0 | 98.00 | NOTE | |||
r-oldrel-windows-ix86+x86_64 | 0.1.0 | 99.00 | 160.00 | 259.00 | OK |
Version: 0.1.0
Check: dependencies in R code
Result: NOTE
Namespace in Imports field not imported from: ‘Rcpp’
All declared Imports should be used.
Flavors: r-devel-linux-x86_64-fedora-clang, r-devel-linux-x86_64-fedora-gcc, r-release-macos-arm64, r-release-macos-x86_64, r-oldrel-macos-arm64, r-oldrel-macos-x86_64