Last updated on 2022-08-15 08:49:59 CEST.
Flavor | Version | Tinstall | Tcheck | Ttotal | Status | Flags |
---|---|---|---|---|---|---|
r-devel-linux-x86_64-debian-clang | 0.5.16 | 172.43 | 61.56 | 233.99 | OK | |
r-devel-linux-x86_64-debian-gcc | 0.5.16 | 146.15 | 42.44 | 188.59 | OK | |
r-devel-linux-x86_64-fedora-clang | 0.5.16 | 314.32 | OK | |||
r-devel-linux-x86_64-fedora-gcc | 0.5.16 | 325.66 | OK | |||
r-devel-windows-x86_64 | 0.5.16 | 117.00 | 106.00 | 223.00 | OK | |
r-patched-linux-x86_64 | 0.5.16 | 152.65 | 57.75 | 210.40 | OK | |
r-release-linux-x86_64 | 0.5.16 | 148.00 | 58.54 | 206.54 | OK | |
r-release-macos-arm64 | 0.5.16 | 70.00 | NOTE | |||
r-release-macos-x86_64 | 0.5.16 | 97.00 | NOTE | |||
r-release-windows-x86_64 | 0.5.16 | 105.00 | 115.00 | 220.00 | OK | |
r-oldrel-macos-arm64 | 0.5.16 | 68.00 | NOTE | |||
r-oldrel-macos-x86_64 | 0.5.16 | 97.00 | NOTE | |||
r-oldrel-windows-ix86+x86_64 | 0.5.16 | 309.00 | 107.00 | 416.00 | NOTE |
Version: 0.5.16
Check: installed package size
Result: NOTE
installed size is 13.9Mb
sub-directories of 1Mb or more:
doc 1.6Mb
libs 12.1Mb
Flavors: r-release-macos-arm64, r-release-macos-x86_64, r-oldrel-macos-arm64, r-oldrel-macos-x86_64, r-oldrel-windows-ix86+x86_64