Last updated on 2022-08-15 08:49:59 CEST.
Flavor | Version | Tinstall | Tcheck | Ttotal | Status | Flags |
---|---|---|---|---|---|---|
r-devel-linux-x86_64-debian-clang | 1.9 | 6.22 | 60.94 | 67.16 | NOTE | |
r-devel-linux-x86_64-debian-gcc | 1.9 | 4.52 | 45.16 | 49.68 | NOTE | |
r-devel-linux-x86_64-fedora-clang | 1.9 | 89.90 | NOTE | |||
r-devel-linux-x86_64-fedora-gcc | 1.9 | 87.26 | NOTE | |||
r-devel-windows-x86_64 | 1.9 | 18.00 | 85.00 | 103.00 | OK | |
r-patched-linux-x86_64 | 1.9 | 5.66 | 56.50 | 62.16 | NOTE | |
r-release-linux-x86_64 | 1.9 | 6.62 | 57.28 | 63.90 | NOTE | |
r-release-macos-arm64 | 1.9 | 29.00 | OK | |||
r-release-macos-x86_64 | 1.9 | 37.00 | OK | |||
r-release-windows-x86_64 | 1.9 | 12.00 | 86.00 | 98.00 | OK | |
r-oldrel-macos-arm64 | 1.9 | 36.00 | OK | |||
r-oldrel-macos-x86_64 | 1.9 | 48.00 | OK | |||
r-oldrel-windows-ix86+x86_64 | 1.9 | 16.00 | 75.00 | 91.00 | OK |
Version: 1.9
Check: for non-standard things in the check directory
Result: NOTE
Found the following files/directories:
'RMTplot.pdf'
Flavors: r-devel-linux-x86_64-debian-clang, r-devel-linux-x86_64-debian-gcc, r-devel-linux-x86_64-fedora-clang, r-devel-linux-x86_64-fedora-gcc, r-patched-linux-x86_64, r-release-linux-x86_64