Last updated on 2022-08-15 08:49:59 CEST.
Flavor | Version | Tinstall | Tcheck | Ttotal | Status | Flags |
---|---|---|---|---|---|---|
r-devel-linux-x86_64-debian-clang | 1.1.0 | 6.06 | 59.06 | 65.12 | NOTE | |
r-devel-linux-x86_64-debian-gcc | 1.1.0 | 5.32 | 43.53 | 48.85 | NOTE | |
r-devel-linux-x86_64-fedora-clang | 1.1.0 | 87.42 | NOTE | |||
r-devel-linux-x86_64-fedora-gcc | 1.1.0 | 91.15 | NOTE | |||
r-devel-windows-x86_64 | 1.1.0 | 8.00 | 77.00 | 85.00 | NOTE | |
r-patched-linux-x86_64 | 1.1.0 | 4.72 | 54.17 | 58.89 | NOTE | |
r-release-linux-x86_64 | 1.1.0 | 4.25 | 53.88 | 58.13 | NOTE | |
r-release-macos-arm64 | 1.1.0 | 26.00 | NOTE | |||
r-release-macos-x86_64 | 1.1.0 | 46.00 | NOTE | |||
r-release-windows-x86_64 | 1.1.0 | 12.00 | 82.00 | 94.00 | NOTE | |
r-oldrel-macos-arm64 | 1.1.0 | 30.00 | NOTE | |||
r-oldrel-macos-x86_64 | 1.1.0 | 40.00 | NOTE | |||
r-oldrel-windows-ix86+x86_64 | 1.1.0 | 19.00 | 76.00 | 95.00 | NOTE |
Version: 1.1.0
Check: LazyData
Result: NOTE
'LazyData' is specified without a 'data' directory
Flavors: r-devel-linux-x86_64-debian-clang, r-devel-linux-x86_64-debian-gcc, r-devel-linux-x86_64-fedora-clang, r-devel-linux-x86_64-fedora-gcc, r-devel-windows-x86_64, r-patched-linux-x86_64, r-release-linux-x86_64, r-release-macos-arm64, r-release-macos-x86_64, r-release-windows-x86_64, r-oldrel-macos-arm64, r-oldrel-macos-x86_64, r-oldrel-windows-ix86+x86_64
Version: 1.1.0
Check: Rd cross-references
Result: NOTE
Undeclared package ‘AER’ in Rd xrefs
Flavor: r-devel-linux-x86_64-fedora-clang