Last updated on 2022-08-15 08:49:59 CEST.
Flavor | Version | Tinstall | Tcheck | Ttotal | Status | Flags |
---|---|---|---|---|---|---|
r-devel-linux-x86_64-debian-clang | 0.1.0 | 2.14 | 25.98 | 28.12 | NOTE | |
r-devel-linux-x86_64-debian-gcc | 0.1.0 | 1.97 | 20.19 | 22.16 | NOTE | |
r-devel-linux-x86_64-fedora-clang | 0.1.0 | 46.69 | NOTE | |||
r-devel-linux-x86_64-fedora-gcc | 0.1.0 | 44.85 | NOTE | |||
r-devel-windows-x86_64 | 0.1.0 | 15.00 | 50.00 | 65.00 | NOTE | |
r-patched-linux-x86_64 | 0.1.0 | 2.45 | 24.77 | 27.22 | NOTE | |
r-release-linux-x86_64 | 0.1.0 | 2.38 | 25.55 | 27.93 | NOTE | |
r-release-macos-arm64 | 0.1.0 | 16.00 | NOTE | |||
r-release-macos-x86_64 | 0.1.0 | 21.00 | NOTE | |||
r-release-windows-x86_64 | 0.1.0 | 9.00 | 49.00 | 58.00 | NOTE | |
r-oldrel-macos-arm64 | 0.1.0 | 15.00 | NOTE | |||
r-oldrel-macos-x86_64 | 0.1.0 | 26.00 | NOTE | |||
r-oldrel-windows-ix86+x86_64 | 0.1.0 | 5.00 | 40.00 | 45.00 | NOTE |
Version: 0.1.0
Check: package dependencies
Result: NOTE
Package suggested but not available for checking: 'gurobi'
Flavors: r-devel-linux-x86_64-debian-clang, r-devel-linux-x86_64-debian-gcc, r-devel-linux-x86_64-fedora-clang, r-devel-linux-x86_64-fedora-gcc, r-devel-windows-x86_64, r-patched-linux-x86_64, r-release-linux-x86_64, r-release-macos-arm64, r-release-macos-x86_64, r-release-windows-x86_64, r-oldrel-macos-arm64, r-oldrel-macos-x86_64, r-oldrel-windows-ix86+x86_64