Last updated on 2022-08-15 08:49:59 CEST.
Flavor | Version | Tinstall | Tcheck | Ttotal | Status | Flags |
---|---|---|---|---|---|---|
r-devel-linux-x86_64-debian-clang | 1.0.1 | 41.28 | 120.11 | 161.39 | OK | |
r-devel-linux-x86_64-debian-gcc | 1.0.1 | 33.45 | 88.12 | 121.57 | OK | |
r-devel-linux-x86_64-fedora-clang | 1.0.1 | 213.29 | NOTE | |||
r-devel-linux-x86_64-fedora-gcc | 1.0.1 | 201.46 | NOTE | |||
r-devel-windows-x86_64 | 1.0.1 | 66.00 | 161.00 | 227.00 | OK | |
r-patched-linux-x86_64 | 1.0.1 | 35.50 | 114.56 | 150.06 | OK | |
r-release-linux-x86_64 | 1.0.1 | 35.71 | 116.46 | 152.17 | OK | |
r-release-macos-arm64 | 1.0.1 | 56.00 | NOTE | |||
r-release-macos-x86_64 | 1.0.1 | 96.00 | NOTE | |||
r-release-windows-x86_64 | 1.0.1 | 55.00 | 167.00 | 222.00 | OK | |
r-oldrel-macos-arm64 | 1.0.1 | 47.00 | NOTE | |||
r-oldrel-macos-x86_64 | 1.0.1 | 75.00 | NOTE | |||
r-oldrel-windows-ix86+x86_64 | 1.0.1 | 98.00 | 197.00 | 295.00 | OK |
Version: 1.0.1
Check: data for non-ASCII characters
Result: NOTE
Note: found 58 marked UTF-8 strings
Flavors: r-devel-linux-x86_64-fedora-clang, r-devel-linux-x86_64-fedora-gcc, r-release-macos-arm64, r-release-macos-x86_64, r-oldrel-macos-arm64, r-oldrel-macos-x86_64